6763550?
True
Does 4205 divide 293732936?
False
Is 84003719 a multiple of 782?
False
Is 3597307120 a multiple of 55?
True
Is 463 a factor of 21030942?
False
Does 516 divide 218992088?
False
Is 6213542880 a multiple of 61?
False
Is 199 a factor of 120735887?
True
Does 8427 divide 492541686?
False
Is 111 a factor of 161840424?
False
Is 183276467 a multiple of 11?
True
Is 76841585 a multiple of 205?
True
Is 209507419 a multiple of 1200?
False
Does 30 divide 23483880?
True
Is 1580 a factor of 790607673?
False
Is 125 a factor of 15380500?
True
Does 535 divide 423228928?
False
Does 3266 divide 55462445?
False
Does 561 divide 681875304?
True
Is 557 a factor of 203360143?
True
Does 13 divide 32596596?
False
Is 718406874 a multiple of 27?
True
Is 24 a factor of 458280288?
True
Is 316583958 a multiple of 19?
False
Is 1512 a factor of 1756408493?
False
Does 384 divide 75918720?
True
Does 2 divide 153925621?
False
Is 1202061861 a multiple of 2639?
True
Is 293 a factor of 428599814?
True
Does 9 divide 36881193?
False
Is 55 a factor of 2988162570?
False
Is 6895070440 a multiple of 92?
False
Does 31 divide 181061957?
False
Is 405173405 a multiple of 3?
False
Is 1291 a factor of 471479655?
True
Is 291359750 a multiple of 101?
True
Is 5876 a factor of 3106611820?
True
Is 7 a factor of 19181212?
False
Is 382 a factor of 51538799?
False
Is 49407837 a multiple of 604?
False
Does 1504 divide 371070?
False
Is 900898249 a multiple of 8?
False
Is 37 a factor of 127658917?
True
Does 52 divide 47013160?
False
Is 57875162 a multiple of 43?
True
Is 2303 a factor of 338973322?
False
Is 592 a factor of 226712683?
False
Is 23 a factor of 3957012?
True
Is 1072 a factor of 237421312?
False
Is 323644437 a multiple of 927?
True
Is 468891320 a multiple of 944?
False
Does 24 divide 1066731504?
True
Is 209 a factor of 2719352?
False
Is 135 a factor of 760967747?
False
Does 1387 divide 121450876?
False
Is 96437664 a multiple of 309?
True
Does 40 divide 25700520?
True
Is 694763094 a multiple of 47?
False
Is 843 a factor of 974533290?
True
Is 26530638 a multiple of 128?
False
Does 241 divide 633033721?
False
Is 264240900 a multiple of 6138?
True
Is 40 a factor of 156828680?
True
Is 606 a factor of 2957232032?
False
Is 10504052 a multiple of 52?
True
Is 3675 a factor of 3048340669?
False
Is 1231 a factor of 33925129?
True
Is 15627115 a multiple of 457?
True
Does 1741 divide 15826118?
False
Is 711 a factor of 483694011?
True
Is 37 a factor of 308294569?
False
Does 235 divide 116026315?
True
Is 2093623038 a multiple of 29?
False
Is 349302538 a multiple of 127?
False
Is 1754912743 a multiple of 9353?
True
Does 3970 divide 332643067?
False
Is 2419641899 a multiple of 37?
True
Is 17 a factor of 16353177?
False
Is 10 a factor of 604580769?
False
Does 65 divide 1014483167?
False
Is 3 a factor of 272462589?
True
Is 373776077 a multiple of 4?
False
Is 2252988 a multiple of 92?
True
Is 15 a factor of 1074465?
True
Is 110297147 a multiple of 434?
False
Does 934 divide 286966317?
False
Is 51 a factor of 54554436?
False
Is 11915984 a multiple of 421?
True
Is 11 a factor of 801163924?
True
Does 211 divide 10937818?
True
Does 234 divide 4045396?
False
Is 3 a factor of 2569367?
False
Is 47262274 a multiple of 9?
False
Does 29 divide 218144322?
True
Does 4 divide 6600503?
False
Is 3372120 a multiple of 510?
True
Is 34 a factor of 46939856?
True
Is 28109903 a multiple of 2?
False
Is 1348222944 a multiple of 2251?
True
Is 5101313658 a multiple of 2346?
True
Is 94 a factor of 1621257450?
False
Is 26032404 a multiple of 4?
True
Is 52973793 a multiple of 577?
True
Is 1784 a factor of 550096400?
True
Does 1190 divide 163010960?
True
Is 3867811 a multiple of 8?
False
Is 654968640 a multiple of 240?
True
Does 1121 divide 5896934?
False
Is 22 a factor of 6283728?
True
Is 27 a factor of 161482307?
False
Does 97 divide 567017962?
True
Is 574 a factor of 31453550?
False
Is 779 a factor of 868527354?
True
Is 330250278 a multiple of 1859?
False
Is 125766330 a multiple of 111?
True
Does 18 divide 7214590?
False
Does 587 divide 3235420?
False
Is 5347359 a multiple of 9?
True
Does 61 divide 8204378?
True
Does 155 divide 13138265?
True
Does 124 divide 82895240?
True
Does 4806 divide 36636138?
True
Is 4 a factor of 5270570?
False
Does 13 divide 8228420494?
False
Is 6606487 even?
False
Does 11797 divide 4034668376?
True
Does 7 divide 85447198?
False
Is 43 a factor of 43141771?
True
Does 77 divide 199061175?
False
Is 2108999858 a multiple of 14?
True
Does 10 divide 55077650?
True
Does 55 divide 2455546225?
True
Is 286 a factor of 451031094?
False
Is 12095212 a multiple of 737?
False
Is 153 a factor of 4976847?
False
Does 2620 divide 55363220?
True
Is 260 a factor of 1962744132?
False
Does 851 divide 165620040?
False
Does 18 divide 216753282?
True
Is 502 a factor of 3782785860?
True
Is 131 a factor of 179064711?
False
Is 9833487 a multiple of 96?
False
Does 14 divide 1227875054?
True
Does 334 divide 1113142801?
False
Does 18 divide 291371652?
True
Is 2720146164 a multiple of 862?
True
Is 335462079 a multiple of 1667?
True
Is 60627914 a multiple of 842?
False
Is 44 a factor of 19808402?
False
Does 741 divide 7610070?
True
Is 273356650 a multiple of 7?
True
Does 5 divide 4859371?
False
Does 1580 divide 1970952851?
False
Is 86 a factor of 471950886?
True
Is 129 a factor of 421908427?
False
Does 3 divide 109594587?
True
Does 136 divide 8179992?
True
Is 45312327 a multiple of 153?
True
Does 28 divide 324094064?
True
Is 7553370 a multiple of 22?
True
Is 123 a factor of 22935564?
True
Does 11462 divide 1092443220?
True
Is 1535322113 a multiple of 4?
False
Is 92020587 a multiple of 3571?
False
Is 472713 a multiple of 10?
False
Is 143 a factor of 308573838?
False
Does 26 divide 10190128?
True
Is 1472 a factor of 1378161206?
False
Is 20728302 a multiple of 42?
True
Is 79431457 a multiple of 893?
True
Is 1335537 a multiple of 1247?
True
Is 10034073 a multiple of 183?
True
Is 8 a factor of 202593997?
False
Is 183 a factor of 55479195?
True
Is 823839985 a multiple of 8?
False
Does 956 divide 216639160?
True
Does 9 divide 5166423?
True
Is 61103645 a multiple of 59?
True
Is 25508022 a multiple of 5?
False
Is 715 a factor of 178223760?
True
Is 26009134 a multiple of 17?
False
Is 106297920 a multiple of 243?
True
Is 1591899840 a multiple of 20?
True
Is 60283818 a multiple of 126?
True
Does 314 divide 158755209?
False
Is 3132583558 a multiple of 3347?
False
Is 1532796681 a multiple of 1949?
False
Does 29 divide 209966090?
True
Is 67 a factor of 116188521?
False
Is 14 a factor of 19090456?
True
Does 16 divide 12496400?
True
Is 22190811 a multiple of 303?
True
Is 40485612 a multiple of 47?
True
Is 2133354565 a multiple of 111?
False
Is 559869720 a multiple of 30?
True
Does 44 divide 8449074?
False
Is 725 a factor of 127594326?
False
Is 23600338 a multiple of 12?
False
Is 258 a factor of 681587754?
True
Is 327315450 a multiple of 1667?
True
Does 72 divide 10708814?
False
Is 264128791 a multiple of 15?
False
Is 10 a factor of 57174294?
False
Is 479096448 a multiple of 6528?
True
Is 44833274 a multiple of 10?
False
Is 53327503 a multiple of 7?
False
Is 11 a factor of 34328481?
True
Is 121384800 a multiple of 230?
True
Is 6 a factor of 5955028?
False
Does 35 divide 56343385?
True
Does 146 divide 46467566?
True
Is 14106939 a multiple of 2471?
True
Does 10 divide 2197675550?
True
Does 41 divide 204342315?
False
Is 477 a factor of 41040603?
True
Is 198442464 a multiple of 11?
True
Is 564 a factor of 408390708?
True
Is 802329959 a multiple of 433?
False
Does 90 divide 89603910?
True
Is 7455796 a multiple of 1372?
False
Is 4 a factor of 67166965?
False
Does 91 divide 144421368?
True
Is 41 a factor of 1339679018?
True
Is 14427626 a multiple of 450?
False
Is 635140245 a multiple of 1613?
False
Is 53543588 a multiple of 3?
False
Is 718 a factor of 154446162?
False
Does 86 divide 8211685?
False
Does 979 divide 782551902?
True
Is 13 a factor of 99212632?
False
Does 4 divide 22224164?
True
Is 11179604 a multiple of 2?
True
Does 33 divide 119867119?
False
Is 36569258 a multiple of 25?
False
Does 43 divide 31224364?
True
Does 169 divide 5632731617?
False
Is 7532 a factor of 696310804?
True
Is 14438102 a multiple of 292?
False
Is 589406630 a multiple of 2